Let y be q/(-96)*4 + (-1816)/(-3). Calculate the greatest common divisor of y and 55.
55
Let j(o) = -o**3 + 2. Let n be j(-2). Let s = 194 - 92. Let l be 2/(-10) - s/(-10). Calculate the highest common divisor of n and l.
10
Let z(y) = y**3 - 8*y**2 + 9*y + 10. Let v be z(7). Let u be (-1 + -3)/(7 - 8). Calculate the greatest common divisor of u and v.
4
Suppose 4*r + z = 4*z + 10, -5*r = -z - 7. Let d be r - 25*2/15*-3. What is the greatest common factor of d and 121?
11
Suppose -5*t - 482 = 508. Let g = 369 + t. Suppose 3*k - 37 = 20. Calculate the highest common factor of k and g.
19
Let m = 543 + -396. Calculate the highest common factor of 98 and m.
49
Let c(q) = q**3 + 6*q**2 - 5*q - 6. Let k be c(-7). Let l = -41 - k. Let g = l - -31. What is the highest common divisor of 15 and g?
5
Let d(w) = 2 + 17*w**2 + 4 + 3 - 16*w**2. Let q be d(0). Suppose -2*y = -4*y, 3*t + 3*y = 297. Calculate the highest common factor of t and q.
9
Let g(m) = -m**2 + 11*m + 6. Let b be g(8). Suppose 2*w - 6 - 18 = 0. Calculate the highest common factor of w and b.
6
Let r(q) = -6*q**2 - 177*q - 57. Let w be r(-28). Calculate the highest common factor of w and 15.
15
Let p(c) = -2*c - 1. Let q be p(-3). Let b = 3 - q. Let t be 55 + (2/2 - b). Calculate the greatest common divisor of 145 and t.
29
Let o = -23 + 23. Suppose 108 = -o*r + 4*r. Calculate the highest common divisor of r and 243.
27
Let d be 80/(-6)*2*(-168)/10. Calculate the highest common factor of d and 42.
14
Suppose 4*y = 2*y + 4. Suppose 7*f - 6 - 43 = 0. Suppose f = -g - 2*z, 0 = g + z - 0*z + 3. Calculate the highest common divisor of g and y.
1
Let i = -23 - -18. Let q(j) = -3*j + 4. Let o be q(i). Suppose 0 = 5*n - 4*h - 752, 44 + 720 = 5*n + 2*h. Calculate the greatest common factor of o and n.
19
Let u be ((-4)/(-3))/((-2)/(-84)). Suppose -4*i - s = -341, -35*s = 5*i - 30*s - 445. Calculate the highest common factor of u and i.
28
Let s(p) = p - 1. Let t be s(4). Let c = t - -7. Suppose -3*u = 5*b - 33 + 8, -4*b - 5*u = -33. What is the highest common divisor of b and c?
2
Let o(q) = -2*q**2 - 31*q - 26. Let i be o(-12). Calculate the greatest common factor of 464 and i.
58
Let q be (-9)/(-27) - (-717)/(-18)*-2. What is the highest common factor of q and 170?
10
Suppose -4*w + 104 = -2*w + 5*k, -3*w + 156 = -3*k. Calculate the greatest common factor of w and 234.
26
Let k(z) = -z**3 + 26*z**2 + 55*z + 160. Let m be k(28). Let w = 18 + -6. What is the greatest common divisor of w and m?
12
Let v be -4 - (1 - (9 - 0)). Suppose 21 = 5*c - 19. Calculate the greatest common factor of c and v.
4
Suppose -7 = -y + 21. Let q = 149 - 52. Let u = q - 69. Calculate the greatest common factor of u and y.
28
Suppose -q + 4*q - 3 = 0. Let u be (12/(-15))/((-6)/105). Let s be (u/(-6))/((-2)/6). What is the greatest common factor of q and s?
1
Let i be 2/14 + 752994/462. What is the greatest common divisor of 10 and i?
10
Suppose 5*c - 3*l - 375 = 0, -3*c - 3*l - 70 = -271. Calculate the highest common divisor of 24 and c.
24
Let o = 26 - -115. Let r(f) = -20*f + 22. Let c be r(5). Let v = c + o. What is the highest common divisor of 9 and v?
9
Suppose -z - m - 48 = -3*m, 5*z + 4*m = -310. Let w = -38 - z. What is the highest common divisor of 60 and w?
20
Let i(h) = 2*h - 8. Let f be i(10). Suppose 4*u + f = 0, 5*c - 93 - 75 = -4*u. Calculate the highest common divisor of 24 and c.
12
Suppose 7345 = 5*r + 5*i, 0 = 3*i + 131 - 122. Calculate the highest common divisor of r and 46.
46
Let g(f) = f + 11. Let h be g(-7). Suppose -3*k = 3*u - 39, -4*u - h = -k - 2*u. Calculate the highest common divisor of k and 20.
10
Let u be 1 - -1 - (-4 - -8). Let s be (-218)/(-4) + u/4. What is the highest common factor of s and 18?
18
Suppose 2*k + 3 - 7 = 0. Suppose 0 = -5*u - 2*c + 7, -2*u - 3*u = -k*c - 23. Suppose -19 = -u*v + 2. What is the highest common divisor of 7 and v?
7
Let k be -4*(-4 + (-15)/(-3)). Let b be -2 + (-3)/6 + (-298)/k. What is the greatest common factor of 9 and b?
9
Suppose -2*v - v = 2*q - 26, 4*v + 13 = q. Suppose -4*h - c + 265 = 0, 4*h - 4*c + 75 = 315. Calculate the highest common factor of q and h.
13
Suppose 0*r = -2*r. Suppose r = t - 3 - 60. Let g = 138 - t. What is the greatest common factor of g and 30?
15
Suppose -8 = 4*y + 4, 5*f + 3*y - 11 = 0. Suppose -8 = -g + a, g + 7 = -0*g + f*a. Suppose -g*i + 90 = -11*i. Calculate the highest common factor of i and 15.
15
Suppose 5*m = -2*l + 103, -l + 3*m - 2*m + 55 = 0. What is the highest common factor of l and 486?
54
Let a = -322 - -400. What is the greatest common factor of a and 195?
39
Let p be (-2)/(-6) - 46258/(-303). Calculate the greatest common divisor of p and 3.
3
Suppose 3 = 2*m - 5. Suppose -m*k = -2*g + 48, -g - 2*g + 80 = -4*k. Let s(o) = 7*o + 2. Let n be s(2). What is the highest common divisor of g and n?
16
Let s be (-118)/(-2) - (-76)/19. What is the highest common divisor of 7 and s?
7
Let w = -189 + 198. What is the highest common factor of 21 and w?
3
Suppose -1984 = -9*x - 355. Calculate the greatest common divisor of 1 and x.
1
Let c(d) be the first derivative of 4*d**3/3 - 2*d + 1. Let s be c(-2). Suppose 0 = -4*r + 138 - 110. Calculate the greatest common divisor of s and r.
7
Let q be (4128/36 - 12)*(-15)/(-2). What is the highest common factor of q and 140?
70
Let k be (-4)/18 + 4162/18. Let f(p) = -15*p + 51. Let u be f(2). What is the highest common divisor of u and k?
21
Suppose -3*b - 2 = 4*p - 8*b, -5*p + 2 = -4*b. Let j be (p/(-8))/(1/(-20)). Let n be 140/(-3)*(-24)/j. Calculate the greatest common factor of n and 28.
28
Suppose -39 = 5*c - 4*s, -4*c + 0*s - 2*s - 26 = 0. Let z(j) = -6*j - 37. Let m be z(c). What is the greatest common divisor of 30 and m?
5
Let i be (-1 - 0)*(0 + -8). Let d = 17 + i. Let c(m) = 9*m + 73. Let p be c(-7). What is the greatest common divisor of d and p?
5
Suppose o - 24*m + 19*m - 82 = 0, -2*o + 89 = 5*m. Calculate the highest common factor of o and 19.
19
Suppose 4*t - 35 + 165 = 5*j, -2*t = 0. What is the greatest common divisor of j and 416?
26
Let c = -42 - -97. Suppose 10*t - c = 5*t. Let d(v) = 2*v**2 - 5*v + 11. Let l be d(8). What is the highest common factor of t and l?
11
Let q = 137 + -93. Let r be (-9)/(-2)*1/((-6)/(-4)). Let u(d) = d + 8. Let t be u(r). Calculate the greatest common factor of t and q.
11
Let f(a) be the third derivative of a**6/120 - a**5/12 + 7*a**4/24 - a**3 + 10*a**2. Let u be f(4). Calculate the highest common factor of u and 48.
6
Let n be 3 - (6 + -2)*285/(-20). Let s = -10 - -18. Let j be 6/3 - s/(-1). Calculate the greatest common factor of n and j.
10
Let f(w) = -w**3 + 2*w**2 - 1. Let l be f(1). Suppose 65 = 2*d - 3*c, l*d - 99 = -3*d + 3*c. Calculate the highest common divisor of 272 and d.
34
Let s = 17 - 6. Suppose -28 + s = -w. Let n(f) = f**2 - 16*f - 2. Let g be n(w). Calculate the greatest common factor of 3 and g.
3
Let l(r) = -89*r + 2. Let x be l(-2). What is the highest common divisor of 120 and x?
60
Let r = 14 + 23. Let c = r + -17. Suppose 0 = -3*w + s - 6*s + 85, 2*w - s = 61. What is the highest common divisor of c and w?
10
Suppose 3*w - 79 = -70. What is the highest common divisor of 2 and w?
1
Suppose -2*a + 164 = 4*x, 0 = -4*x - 1 - 3. Let r be 418/6 - (-8)/(-12). Suppose -5*i = -36 - r. Calculate the highest common factor of a and i.
21
Suppose 3316 = 4*u - 4*v, -37*u = -34*u + v - 2483. What is the highest common factor of 48 and u?
12
Suppose 0 = g - 4*j + 23, 5*j - 34 = 3*g - 0*g. Let o = 20 + -5. Let t be g*(-8)/12 + o. Calculate the highest common divisor of 17 and t.
17
Suppose 3*b + 3 = 4*b. Suppose 5*h + 15 = 0, b*z - 50 = -h + 13. What is the highest common factor of z and 33?
11
Let z be 2 + 48/(-30) + (-2829)/(-15). Calculate the highest common divisor of z and 27.
27
Let l(k) = 7*k**2 + 3. Let r be l(-6). Suppose -4*o - o - 5*g = -300, r = 4*o - g. Let s be (-21)/14 + o/2. Calculate the greatest common factor of s and 15.
15
Let l(x) = 13*x**2 + 2*x. Let n be l(-2). Let b(d) = d**2 - 12*d + 14. Let k be b(13). Let a = -15 + k. Calculate the highest common factor of n and a.
12
Suppose -2 = d - 6. Suppose r - 8 = -x, -d*r = 4*x - 2*x - 8. Let p be 4/(-30) + (-1444)/(-30). What is the highest c